
3
Let a be 40 + 17 + 18/3. Calculate the highest common factor of 420 and a.
21
Suppose -99*u - 84*u + 1207281 = 283131. What is the highest common divisor of u and 50?
50
Suppose -1302 = -108*h - 10*h + 2592. What is the highest common divisor of h and 231?
33
Let m(h) = 2*h**2 + 10*h + 16. Let b = 6 + -4. Suppose -4*k + 5*a = 44, -5*k + 4*k - 14 = -b*a. Let t be m(k). What is the highest common divisor of 4 and t?
4
Suppose -4*r - 2*t = -4442, 19*r - 24*r - 3*t = -5553. What is the greatest common divisor of r and 150?
30
Let l be (-2)/9 - 2200/(-18). Suppose -116144 = 61*i - 235*i - 98*i. Calculate the highest common divisor of l and i.
61
Let y = -27 - -160. Let n(c) = -c**2 - 5*c + 211. Let g be n(12). What is the highest common factor of y and g?
7
Suppose -3*i + 4*k = -17, 3*i + 4*k + 16 = 41. What is the greatest common divisor of 19 and i?
1
Let a(v) = 4*v - 12. Let j be a(18). Let r be ((-200)/j)/(2/(-24)). Suppose 4*w - r = -2*s, -2*s - 5*w + 11 = -34. What is the highest common factor of 5 and s?
5
Suppose 3*i = -5*z + 1339, 4*z + 3 = -1. Suppose -32 = -y + 4*a, 2*a + 160 = 17*y - 12*y. Calculate the greatest common divisor of y and i.
32
Let v = -28 - -60. Let p = -86240 - -86352. Calculate the greatest common divisor of p and v.
16
Suppose 5*g - 114678 = -4*i, -6260 = 3*i + g - 92274. What is the greatest common factor of i and 224?
224
Let y(x) = 5*x + 31. Let a(u) = -u. Let l(m) = 14*a(m) + 2*y(m). Let r be l(13). Calculate the greatest common factor of r and 420.
10
Let g(d) be the second derivative of 23*d**2 + 38*d + 0 - 2/3*d**3. Let w be g(6). What is the highest common divisor of w and 198?
22
Let g be 19943 - (-12 + 16 - -10). What is the greatest common divisor of g and 182?
91
Suppose 6*b - 4*f + 198 = 666, -2*b = -f - 155. Calculate the highest common factor of b and 133.
19
Let r = 149 + -145. Suppose -2*j + r*b - 8 + 32 = 0, -4*j - 2*b + 18 = 0. Calculate the greatest common divisor of 246 and j.
6
Let b(r) = 14*r**2 + 125*r - 6. Let t be b(-9). Let v(l) = 371*l + 163. Let o be v(t). What is the greatest common factor of 22 and o?
22
Suppose -4*v - 725 = 4*a - 5*a, 3*a = -5*v + 2243. Calculate the greatest common divisor of 195 and a.
39
Let f be 3/((-1)/((-40)/30)). What is the greatest common divisor of f and 54?
2
Suppose 146*c - 389 = 633. What is the greatest common divisor of 2226 and c?
7
Let i be ((-1)/2)/(2/(-120)). Let c be 6/(4/150*5). Let s = c - i. Calculate the highest common factor of 10 and s.
5
Suppose -38*t + 1199 = -5413. Let k be -4 - t/(-3) - -2. Calculate the greatest common divisor of 8 and k.
8
Suppose -f + 7*f = 1074. Suppose -57 = 4*n + f. Let v = 80 + n. Calculate the greatest common factor of 14 and v.
7
Suppose -2*g + 24 = -4*l - 32, 4*g = -4*l + 124. What is the highest common factor of 40 and g?
10
Let m(t) = -165*t - 4229. Let h be m(-65). Calculate the greatest common divisor of 1120 and h.
224
Let p(k) = -k - 3. Let y be p(-13). Let b = y + 0. Suppose -b - 11 = -3*a. What is the highest common divisor of 63 and a?
7
Suppose -12*f + 19374 - 18174 = 0. What is the greatest common divisor of 36 and f?
4
Let p(k) be the second derivative of k**4/12 + 7*k**3/2 - 25*k**2/2 - 10*k + 8. Let b be p(-23). Calculate the highest common factor of b and 273.
21
Let h = 1119 - 424. Let w = -687 + h. Calculate the highest common factor of 472 and w.
8
Let q(z) = -120*z**3 + 6*z**2 - z + 2. Let i(g) = -g - 15. Let j be i(-13). Let t be q(j). What is the highest common factor of t and 76?
76
Let c = -68 + 264. Suppose -12*r + 11*r = 3*q - c, -116 = -2*q + 3*r. What is the greatest common divisor of 320 and q?
64
Let i be ((-99)/(-132))/((-6)/(-16)). Let m = i + 141. Let t = 40 - 29. What is the highest common factor of m and t?
11
Suppose 5*y = -3*s + 34 - 10, y - 12 = -3*s. Let d be 2 + (6 - s) - -22. Calculate the greatest common factor of d and 2.
1
Suppose 56*x + 2156 = 63*x. Let a = x + -252. Calculate the highest common divisor of a and 24.
8
Let z be 12 - 7 - (-133)/(-7). Let j(v) = -4*v. Let s be j(2). Let m be (-212)/z + s/56. Calculate the highest common factor of m and 5.
5
Suppose o + 0*o - 13 = 0. Let q be -2 + (-40*3 - -2). Let k = q + 211. Calculate the greatest common divisor of k and o.
13
Let m = -11 - -44. Suppose 924 = 38*o - 31*o. Calculate the greatest common divisor of o and m.
33
Suppose 0 = -2*q - 3*q + 2*q. Suppose -3*p + q*p + 57 = 0. Suppose l + p = 2*l. What is the highest common factor of l and 209?
19
Let s = 18 + 19. Suppose s - 133 = -8*y. Let f(l) = -16*l - 4. Let g be f(-7). What is the greatest common factor of y and g?
12
Let n(r) = -r**3 - 10*r**2 - 13*r - 23. Let g be n(-10). Suppose g + 893 = 5*y. What is the greatest common factor of y and 8?
8
Let b(a) = -a**3 - 13*a**2 - 11*a - 69. Let c be b(-15). What is the highest common factor of c and 54?
6
Suppose g + 0 - 4 = 0. Suppose 4*y - 134 = -g*n + 118, 0 = -5*n - 2*y + 321. Suppose i - 163 - 6 = -12*i. What is the highest common divisor of i and n?
13
Suppose 3*n + 2*n = 3*r - 72, 4*r - 2*n = 96. Let v(b) = -b**3 + b**2 - 13*b. Let x be v(-4). What is the greatest common factor of x and r?
12
Let u(i) = 37*i**3 - 1. Let s be u(1). Suppose -h + p = -7, -36*h + 3*p = -44*h + 276. Calculate the greatest common divisor of s and h.
9
Suppose 10 = -23*m + 28*m. Suppose -m*c - 1485 = -17*c. Let k be 33/(-1)*3/(-9). Calculate the greatest common factor of c and k.
11
Let h(a) = 7*a + 55. Let j be h(-6). Suppose -2*z + j = 9. What is the highest common divisor of 58 and z?
2
Suppose 10623 + 11997 = 134*i - 18*i. Calculate the greatest common factor of i and 240.
15
Suppose -5*k + 125 = 3*z - 8*z, 4*z - 54 = -3*k. Suppose 2483 - 15254 = -43*p. What is the highest common divisor of k and p?
11
Let p(r) = -r**3 + 5*r**2 + r - 2. Suppose 15*t - 15 = 12*t. Let m be p(t). Let i = -49 + 82. What is the greatest common factor of m and i?
3
Let r = -11549 - -11666. Let x(m) = -2*m + 1. Let s be x(-4). Calculate the highest common factor of s and r.
9
Suppose 6*r = 3*r + 327. Let i = r + -74. Let t(q) = -q**3 + 36*q**2 + 172*q - 466. Let m be t(40). What is the highest common factor of i and m?
7
Let i(h) = -24*h - 34. Let m be i(4). Let r = m - -177. Calculate the greatest common factor of 47 and r.
47
Let g(d) be the first derivative of 5*d**3/3 + 2*d**2 + 5*d - 28. Let l be g(-2). Suppose 14*z = l*z - 42. Calculate the greatest common divisor of z and 42.
14
Let o = 14208 - 4333. What is the greatest common divisor of 79 and o?
79
Let a = -11570 + 11617. Suppose -5*l = 5*m - 496 - 219, m + 5*l = 151. Calculate the highest common divisor of a and m.
47
Let g(w) = -w**2 + 21*w + 12. Let y be g(12). What is the highest common factor of 1160 and y?
40
Suppose -j - 2 = 3*l, 5*j - 7 = -0*l + 2*l. Let y be -2*9*l/2. Let n be (1388464/420)/46 - (-4)/30. Calculate the highest common divisor of y and n.
9
Suppose 2*t - 65 = t. Let n = -6963 - -6989. What is the highest common factor of t and n?
13
Suppose -z - 30 = -3*u - 0*z, 0 = 3*u + 2*z - 39. Suppose 38*g = 37*g + 2. Let q be g*(-2)/4 + (19 - -26). Calculate the highest common divisor of q and u.
11
Suppose 3*q - 94 = 5*t, q - 26 = -3*t + 2*t. Suppose q*f = 1601 + 10635. What is the greatest common factor of 23 and f?
23
Suppose -3*j + 2*o + 632 = 0, 4*j - o - 108 = 733. Suppose -110*y - 3*y + 5402 - 712 = 21*y. What is the greatest common divisor of y and j?
35
Let x(o) be the second derivative of 1/20*o**5 - 5/12*o**4 + 5/2*o**2 + 0 + 2/3*o**3 - 4*o. Let m be x(5). What is the greatest common divisor of m and 25?
25
Let c(y) = 23*y - 60. Let a be c(6). Let w = -60 + a. Calculate the greatest common factor of 6 and w.
6
Suppose -2572181 + 676716 = -241*u. Calculate the greatest common divisor of 91 and u.
13
Let d(u) = -u + 16 + 9*u - 9*u. Let l be d(19). Let a be 14/(-42) - 31/l. What is the greatest common divisor of a and 15?
5
Suppose -19*t = 51276 - 51485. Let b(g) = g**3 - g + 22. Let p be (0/1)/((-1)/(-1)). Let l be b(p). Calculate the greatest common divisor of l and t.
11
Let f = 454 - -742. What is the highest common factor of f and 92?
92
Let a be 2/(3/122*(-60)/45). Let z = 69 + a. Suppose -62 - 90 = -z*d. What is the greatest common factor of 209 and d?
19
Let v